 7 = -m + 3*x. What is the greatest common factor of 64 and m?
2
Suppose -3*u = -9, -2*n + n - 4*u = -15. Suppose 3 = 2*x + 2*y + y, 2*x - n*y = -3. Suppose x = 2*p - 31 - 49. Calculate the greatest common factor of p and 10.
10
Let c(d) = d**3 - 4*d**2 + 3*d + 3. Let i be c(3). Suppose -i*a + 0*a = -36. Calculate the highest common divisor of a and 3.
3
Let t(n) = -17*n + 6. Suppose 50 = -5*u - 0*u. Let o be t(u). What is the greatest common factor of o and 16?
16
Suppose 4*u = 4*q - 60, -u = -2*q - 2*u + 30. Let w be (-5)/q + 2/6. Suppose 0 = -w*g - g + 14. Calculate the greatest common factor of g and 35.
7
Let k = -2 - -21. Let b = -11 + k. Suppose -4*x = 0, -4*p = -2*p - 5*x - 112. What is the highest common divisor of b and p?
8
Suppose -2*s - 2*s = 8. Let g be s/(3 + (-22)/6). Let i be (g - 2)/(-1) - -37. Calculate the greatest common factor of 4 and i.
4
Suppose -5*s - 5*t = 0, -s + t + 24 = 4*s. Let i = 37 - s. What is the greatest common divisor of 22 and i?
11
Let j be (0 - -1)*1*17. Let l be ((-112)/6 + -4)*-6. What is the highest common factor of j and l?
17
Suppose 0*v = -6*v + 342. Calculate the highest common divisor of 19 and v.
19
Let x(d) = d**2 + 3*d - 6. Let l(t) = -4*t - 2 + 0 + t**2 + 3*t. Let c be l(3). Let h be x(c). What is the greatest common divisor of h and 66?
22
Let k(l) = -l - 8. Let p be k(-15). Let v be -3*p/(-5)*5. What is the greatest common divisor of v and 189?
21
Suppose -3*z + 11 + 7 = 0. Calculate the highest common factor of z and 6.
6
Let a(p) = -4*p + 1. Suppose 3*m - 7 = 4*h + 2*m, -4*h - 4*m = -8. Let y be a(h). What is the greatest common factor of 1 and y?
1
Let z be (0 + (2 - -2))*4. Let w = -132 + 134. Calculate the greatest common factor of w and z.
2
Let b = -4 - -18. Calculate the greatest common factor of b and 2.
2
Let m(k) = -k - 3. Let u be m(-9). What is the highest common divisor of u and 54?
6
Suppose -6 - 7 = -m. Suppose 0 = 4*g + 2*x - 10, -3*g + 0*x + 5 = 4*x. Suppose -78 = -g*a + a. Calculate the highest common factor of a and m.
13
Let p(t) = 5*t - 1. Let c be p(2). Let f = -4 - -6. Let i be 1 - (-2 + -2 + f). What is the greatest common divisor of i and c?
3
Suppose -20 = -k - 3*j, 3*k - j - 164 = -2*k. Suppose 0 = b - 138 + 134. Calculate the highest common divisor of k and b.
4
Let t = 0 + 3. Suppose -4*s - 5*m + 22 = 0, t*m + m - 8 = -2*s. Let j(i) = 3*i**2 - 3*i + 2. Let w be j(3). Calculate the highest common factor of w and s.
4
Let x(u) = 14*u**2 + 4*u + 4. Let a be x(-1). Suppose -3*m + 20 = -22. Calculate the highest common factor of m and a.
14
Let b = 4 + -85. Let x = -53 - b. What is the highest common divisor of x and 308?
28
Let d be ((-54)/(-21))/(3/14). Suppose d = k + 1. What is the greatest common divisor of 44 and k?
11
Let a be (6 - 1) + (4 - 7). Let z(o) = -o + 4. Let q be z(a). Let m be (q/4)/(3/198). What is the greatest common factor of m and 22?
11
Let l be 2/13 + 920/104. Calculate the greatest common factor of l and 45.
9
Let h(x) = 2*x**2 - x. Let g be h(-1). Suppose -g*t + 14 = -4. Calculate the highest common divisor of t and 18.
6
Let l = 92 + -60. What is the greatest common divisor of 8 and l?
8
Let a = -7 - -7. Suppose -2*c + 6*c - 72 = a. Suppose 25 = 3*s - 2. What is the greatest common factor of s and c?
9
Suppose 37 = -g + 43. What is the highest common factor of g and 96?
6
Let p = 89 - 47. What is the greatest common factor of p and 6?
6
Let g be 20/9 - (-6)/(-27). Calculate the highest common factor of 10 and g.
2
Suppose 0 = 4*n - 3*u - 63, 10*n - 5*n - 5*u - 85 = 0. Calculate the highest common factor of 3 and n.
3
Let b be 0 + (2 - -1) + -1. Let t = b + 11. Calculate the highest common divisor of t and 39.
13
Suppose 10*v = 5*v + 310. What is the highest common divisor of v and 155?
31
Suppose 3*c = 2*f + 3, -3*c - 16 = -4*f - 7. Calculate the highest common factor of f and 39.
3
Suppose -253*b + 258*b - 1260 = 0. What is the highest common factor of 28 and b?
28
Suppose 3*d + 2*l - 4*l - 240 = 0, 0 = d - 3*l - 80. Let u be (18/(-8))/((-6)/d). Calculate the greatest common divisor of 120 and u.
30
Let d = 14 + -7. Let t be (2 - (1 - 1))*1. Let g be (-9 + t)/(2/(-18)). What is the greatest common divisor of d and g?
7
Suppose 0 = -2*p - 0*p + 4. Calculate the highest common divisor of 18 and p.
2
Let w be 8/(-52) + 1133/13. Calculate the highest common factor of w and 29.
29
Let y(s) = s**3 + 12*s**2 + 7*s + 11. Let l be y(-11). Calculate the highest common factor of 5 and l.
5
Suppose 5*i - 36 = 39. What is the highest common factor of i and 15?
15
Let v = -6 + 11. Let y = 7 - 4. Let g = -2 + y. What is the highest common divisor of v and g?
1
Let i = 334 - 144. Suppose 5*d + 30 = i. What is the greatest common divisor of d and 80?
16
Let v be 2 + 108 - 0 - -2. Suppose 0 = -4*f - 28 + 92. Calculate the highest common factor of f and v.
16
Let o be 3/(-6) - 27/(-2). Let d be (-64)/(-24)*o*3. Calculate the highest common divisor of d and 13.
13
Suppose -r + 2*i = -7, 12 = -0*r + 3*r + 3*i. Suppose -4*a + 5*x + 34 = 0, 10 + 0 = r*x. What is the highest common divisor of a and 44?
11
Let y(g) = -g**3 - 5*g**2 + 6*g + 6. Let q = -7 + 1. Let x be y(q). Let c = 4 + 44. Calculate the highest common divisor of x and c.
6
Let g be (60 + 0)*10/25. What is the highest common divisor of g and 6?
6
Let u(h) = 2*h**3 - 8*h**2 - 6*h. Let i(t) = -t**2 - 5*t + 13. Let p be i(-6). Let a be u(p). Calculate the highest common divisor of a and 36.
36
Let c be 46 + (-1 - -1 - -2). Let v be (-15)/20 + 262/8. What is the highest common factor of c and v?
16
Let o(z) = -3*z + 12. Let u be o(-6). What is the greatest common factor of u and 12?
6
Let k = -19 - -39. Calculate the greatest common divisor of k and 8.
4
Let n = 8 + 32. What is the highest common factor of 280 and n?
40
Let o(h) = 10*h + 6. Let j be o(2). What is the highest common factor of 26 and j?
26
Suppose -o = 2*x - 26, 3*o - 42 = -x - 2*x. Suppose -2*q + 3*p - 7 = -3, 0 = q - 4*p + x. Calculate the greatest common divisor of q and 12.
4
Suppose -1 = -2*v + 5. Suppose -v = q, 2*p - 29 = -3*q + 2*q. What is the greatest common divisor of 144 and p?
16
Suppose -y = -2*y + 70. Calculate the highest common factor of 28 and y.
14
Suppose -103 = -d - 2*g, -5*d = -2*g + 3*g - 524. Calculate the highest common factor of 15 and d.
15
Suppose -4*l = 2*j + 1064, 3*l - 4*j + 1052 = -l. Let t = -189 - l. Suppose 3*k = k + 2*r + 72, 3*k = -5*r + t. What is the greatest common divisor of 4 and k?
4
Let c = -4 + 12. Let r(a) = a**3 + 5*a**2 - 6*a + 2. Let p be r(-6). Calculate the greatest common divisor of p and c.
2
Let y(i) = 23*i**2 - i. Let r be y(1). Calculate the greatest common divisor of r and 2.
2
Let l(v) = v**2 - 12*v + 2. Let z be l(12). Suppose 3*p = -0*p + 15, -2*p = z*i - 42. Calculate the highest common factor of i and 40.
8
Let s(v) = 3*v**3 - 3*v**2 + 2*v. Let a = 8 + -5. Suppose -a*m + 2 = -2*m. Let z be s(m). Calculate the greatest common divisor of z and 112.
16
Suppose -67 - 103 = -2*i. Calculate the highest common divisor of 17 and i.
17
Suppose -3*g + 113 = -h, 8 = -g - 3*h + 49. Calculate the highest common divisor of 304 and g.
38
Let s(q) = q**3 - 3*q**2 + 2. Let f be s(3). Calculate the highest common divisor of f and 16.
2
Suppose -4*h - 2*u + 68 = -50, 3*u = 5*h - 142. Let x be 4/(-6) - 1744/(-6). Calculate the highest common factor of h and x.
29
Let k be -2 + 2 + 1 - -39. Suppose -a = 2*a + 2*v - 302, -2*a + 2*v = -198. What is the greatest common factor of k and a?
20
Suppose -71 = -6*r + 163. Calculate the greatest common divisor of 13 and r.
13
Let i = 21 - 6. Let z be i - -3*2/(-2). What is the highest common divisor of 3 and z?
3
Let p be (-3)/(-4) - 2/(-8). Let b be (1 - -3) + 0 + 24. Let n be p/4 - (-385)/b. What is the greatest common divisor of 56 and n?
14
Suppose -3*g = -6*g + 120. Calculate the greatest common divisor of g and 10.
10
Let s = 58 + -2. Suppose 0 = -4*j - 2*b + 58, -b + 6 = 3*j - 37. Calculate the greatest common divisor of j and s.
14
Let p(y) = 53*y + 1. Suppose -30 = -5*z + 3*b + 2*b, -3*z + 3 = 2*b. Let k be p(z). Suppose -l = -6*l + 80. Calculate the greatest common divisor of l and k.
16
Let d(t) = t**3 + 6*t**2 - 8*t + 6. Suppose -4 - 24 = 